{"id":1948,"date":"2025-12-26T15:24:03","date_gmt":"2025-12-26T14:24:03","guid":{"rendered":"https:\/\/transportsdossat.com\/?page_id=1948"},"modified":"2025-12-26T15:28:50","modified_gmt":"2025-12-26T14:28:50","slug":"journee-a-mauleon-licharre","status":"publish","type":"page","link":"https:\/\/transportsdossat.com\/?page_id=1948","title":{"rendered":"Journ\u00e9e \u00e0 Maul\u00e9on-Licharre"},"content":{"rendered":"\t\t<div data-elementor-type=\"wp-page\" data-elementor-id=\"1948\" class=\"elementor elementor-1948\">\n\t\t\t\t<div class=\"elementor-element elementor-element-6d6a0ae e-flex e-con-boxed e-con e-parent\" data-id=\"6d6a0ae\" data-element_type=\"container\" data-e-type=\"container\">\n\t\t\t\t\t<div class=\"e-con-inner\">\n\t\t\t\t<div class=\"elementor-element elementor-element-57d3640 elementor-arrows-position-inside elementor-pagination-position-outside elementor-widget elementor-widget-image-carousel\" data-id=\"57d3640\" data-element_type=\"widget\" data-e-type=\"widget\" data-settings=\"{&quot;navigation&quot;:&quot;both&quot;,&quot;autoplay&quot;:&quot;yes&quot;,&quot;pause_on_hover&quot;:&quot;yes&quot;,&quot;pause_on_interaction&quot;:&quot;yes&quot;,&quot;autoplay_speed&quot;:5000,&quot;infinite&quot;:&quot;yes&quot;,&quot;speed&quot;:500}\" data-widget_type=\"image-carousel.default\">\n\t\t\t\t<div class=\"elementor-widget-container\">\n\t\t\t\t\t\t\t<div class=\"elementor-image-carousel-wrapper swiper\" role=\"region\" aria-roledescription=\"carousel\" aria-label=\"Carrousel d\u2019images\" dir=\"ltr\">\n\t\t\t<div class=\"elementor-image-carousel swiper-wrapper\" aria-live=\"off\">\n\t\t\t\t\t\t\t\t<div class=\"swiper-slide\" role=\"group\" aria-roledescription=\"slide\" aria-label=\"1 sur 4\"><figure class=\"swiper-slide-inner\"><img decoding=\"async\" class=\"swiper-slide-image\" src=\"https:\/\/transportsdossat.com\/wp-content\/uploads\/2025\/12\/Sans-titre-1024-x-786-px-33.png\" alt=\"JOURN\u00c9E \u00c0 MAUL\u00c9ON-LICHARRE\" \/><\/figure><\/div><div class=\"swiper-slide\" role=\"group\" aria-roledescription=\"slide\" aria-label=\"2 sur 4\"><figure class=\"swiper-slide-inner\"><img decoding=\"async\" class=\"swiper-slide-image\" src=\"https:\/\/transportsdossat.com\/wp-content\/uploads\/2025\/12\/Sans-titre-1024-x-786-px-34.png\" alt=\"Don quichosse \u00e0 Maul\u00e9on-Licharre\" \/><\/figure><\/div><div class=\"swiper-slide\" role=\"group\" aria-roledescription=\"slide\" aria-label=\"3 sur 4\"><figure class=\"swiper-slide-inner\"><img decoding=\"async\" class=\"swiper-slide-image\" src=\"https:\/\/transportsdossat.com\/wp-content\/uploads\/2025\/12\/Sans-titre-1024-x-786-px-35.png\" alt=\"Chateau Andurain\" \/><\/figure><\/div><div class=\"swiper-slide\" role=\"group\" aria-roledescription=\"slide\" aria-label=\"4 sur 4\"><figure class=\"swiper-slide-inner\"><img decoding=\"async\" class=\"swiper-slide-image\" src=\"https:\/\/transportsdossat.com\/wp-content\/uploads\/2025\/12\/Sans-titre-1024-x-786-px-36.png\" alt=\"Vinaigrerie \u00e0 Maul\u00e9on-Licharre\" \/><\/figure><\/div>\t\t\t<\/div>\n\t\t\t\t\t\t\t\t\t\t\t\t<div class=\"elementor-swiper-button elementor-swiper-button-prev\" role=\"button\" tabindex=\"0\">\n\t\t\t\t\t\t<svg aria-hidden=\"true\" class=\"e-font-icon-svg e-eicon-chevron-left\" viewBox=\"0 0 1000 1000\" xmlns=\"http:\/\/www.w3.org\/2000\/svg\"><path d=\"M646 125C629 125 613 133 604 142L308 442C296 454 292 471 292 487 292 504 296 521 308 533L604 854C617 867 629 875 646 875 663 875 679 871 692 858 704 846 713 829 713 812 713 796 708 779 692 767L438 487 692 225C700 217 708 204 708 187 708 171 704 154 692 142 675 129 663 125 646 125Z\"><\/path><\/svg>\t\t\t\t\t<\/div>\n\t\t\t\t\t<div class=\"elementor-swiper-button elementor-swiper-button-next\" role=\"button\" tabindex=\"0\">\n\t\t\t\t\t\t<svg aria-hidden=\"true\" class=\"e-font-icon-svg e-eicon-chevron-right\" viewBox=\"0 0 1000 1000\" xmlns=\"http:\/\/www.w3.org\/2000\/svg\"><path d=\"M696 533C708 521 713 504 713 487 713 471 708 454 696 446L400 146C388 133 375 125 354 125 338 125 325 129 313 142 300 154 292 171 292 187 292 204 296 221 308 233L563 492 304 771C292 783 288 800 288 817 288 833 296 850 308 863 321 871 338 875 354 875 371 875 388 867 400 854L696 533Z\"><\/path><\/svg>\t\t\t\t\t<\/div>\n\t\t\t\t\n\t\t\t\t\t\t\t\t\t<div class=\"swiper-pagination\"><\/div>\n\t\t\t\t\t\t\t\t\t<\/div>\n\t\t\t\t\t\t<\/div>\n\t\t\t\t<\/div>\n\t\t\t\t\t<\/div>\n\t\t\t\t<\/div>\n\t\t<div class=\"elementor-element elementor-element-cac8d23 e-flex e-con-boxed e-con e-parent\" data-id=\"cac8d23\" data-element_type=\"container\" data-e-type=\"container\">\n\t\t\t\t\t<div class=\"e-con-inner\">\n\t\t\t\t<div class=\"elementor-element elementor-element-0608d58 elementor-widget elementor-widget-text-editor\" data-id=\"0608d58\" data-element_type=\"widget\" data-e-type=\"widget\" data-widget_type=\"text-editor.default\">\n\t\t\t\t<div class=\"elementor-widget-container\">\n\t\t\t\t\t\t\t\t\t<h3 data-start=\"113\" data-end=\"191\">\ud83c\udfde\ufe0f <strong data-start=\"117\" data-end=\"191\">Journ\u00e9e \u00e0 Maul\u00e9on-Licharre \u2013 Immersion au c\u0153ur du Pays Basque souletin<\/strong><\/h3><p data-start=\"193\" data-end=\"429\">Partez pour une journ\u00e9e authentique \u00e0 la d\u00e9couverte de Maul\u00e9on-Licharre et du savoir-faire traditionnel basque.\u00a0 Entre patrimoine historique, gastronomie locale et artisanat embl\u00e9matique, cette escapade vous plongera au c\u0153ur de la Soule.<\/p><p data-start=\"460\" data-end=\"579\">\ud83d\ude8d <strong data-start=\"463\" data-end=\"487\">D\u00e9parts en autocar :<\/strong><br data-start=\"487\" data-end=\"490\" \/>\ud83d\udd55 6h15 \u2013 <strong data-start=\"500\" data-end=\"518\">Trie-sur-Ba\u00efse<\/strong><br data-start=\"518\" data-end=\"521\" \/>\ud83d\udd61 6h30 \u2013 <strong data-start=\"531\" data-end=\"552\">Castelnau-Magnoac<\/strong><br data-start=\"552\" data-end=\"555\" \/>\ud83d\udd61 6h50 \u2013 <strong data-start=\"565\" data-end=\"579\">Lannemezan<\/strong><\/p><p data-start=\"581\" data-end=\"801\">\ud83c\udff0 Visite du <strong data-start=\"594\" data-end=\"635\"><span class=\"hover:entity-accent entity-underline inline cursor-pointer align-baseline\"><span class=\"whitespace-normal\">ch\u00e2teau d\u2019Andurain<\/span><\/span><\/strong>, superbe joyau de la Renaissance basque. D\u00e9couvrez l\u2019histoire de ce monument embl\u00e9matique et profitez d\u2019un panorama exceptionnel sur Maul\u00e9on-Licharre et la vall\u00e9e.<\/p><p data-start=\"803\" data-end=\"830\">\ud83c\udf7d\ufe0f <strong data-start=\"807\" data-end=\"830\">D\u00e9jeuner gourmand :<\/strong><\/p><p data-start=\"832\" data-end=\"1016\">12h30 \u2013 D\u00e9jeuner typique au <strong data-start=\"860\" data-end=\"887\">Restaurant des Pyr\u00e9n\u00e9es<\/strong>, o\u00f9 vous savourerez une cuisine g\u00e9n\u00e9reuse mettant \u00e0 l\u2019honneur les sp\u00e9cialit\u00e9s du terroir basque, dans une ambiance conviviale.<\/p><p data-start=\"1018\" data-end=\"1056\">\ud83e\uddfa <strong data-start=\"1021\" data-end=\"1056\">Apr\u00e8s-midi savoir-faire local :<\/strong><\/p><p data-start=\"1058\" data-end=\"1206\">\ud83c\udf76 Visite d\u2019une <strong data-start=\"1074\" data-end=\"1100\">vinaigrerie artisanale<\/strong>, pour d\u00e9couvrir les secrets de fabrication de produits de caract\u00e8re issus d\u2019un savoir-faire traditionnel.<\/p><p data-start=\"1208\" data-end=\"1434\">\ud83d\udc5e Puis, immersion dans l\u2019univers des espadrilles avec la visite de la fabrique <strong data-start=\"1288\" data-end=\"1305\">Don Quichosse<\/strong>, v\u00e9ritable symbole du patrimoine souletin.<br data-start=\"1348\" data-end=\"1351\" \/>D\u00e9couvrez les \u00e9tapes de fabrication de cette chaussure embl\u00e9matique du Pays Basque.<\/p><p data-start=\"1461\" data-end=\"1570\">\ud83d\ude8d Retour en fin d\u2019apr\u00e8s-midi<\/p><p data-start=\"1572\" data-end=\"1770\">\ud83d\udcb0 <strong data-start=\"1575\" data-end=\"1618\">Tarifs par personne (prix d\u00e9gressifs) :<\/strong><br data-start=\"1618\" data-end=\"1621\" \/>\ud83d\udc49 Base <strong data-start=\"1629\" data-end=\"1645\">20 personnes<\/strong> : <strong data-start=\"1648\" data-end=\"1656\">88 \u20ac<\/strong><br data-start=\"1656\" data-end=\"1659\" \/>\ud83d\udc49 Base <strong data-start=\"1667\" data-end=\"1683\">30 personnes<\/strong> : <strong data-start=\"1686\" data-end=\"1694\">71 \u20ac<\/strong><br data-start=\"1694\" data-end=\"1697\" \/>\ud83d\udc49 Base <strong data-start=\"1705\" data-end=\"1721\">40 personnes<\/strong> : <strong data-start=\"1724\" data-end=\"1732\">63 \u20ac<\/strong><br data-start=\"1732\" data-end=\"1735\" \/>\ud83d\udc49 Base <strong data-start=\"1743\" data-end=\"1759\">50 personnes<\/strong> : <strong data-start=\"1762\" data-end=\"1770\">58 \u20ac<\/strong><\/p><p data-start=\"1772\" data-end=\"1969\" data-is-last-node=\"\" data-is-only-node=\"\">\ud83c\udf9f\ufe0f <strong data-start=\"1776\" data-end=\"1816\">Une journ\u00e9e authentique et gourmande<\/strong>, propos\u00e9e par la <strong data-start=\"1834\" data-end=\"1849\">SARL Dossat<\/strong>, id\u00e9ale pour d\u00e9couvrir l\u2019\u00e2me du Pays Basque.<br data-start=\"1894\" data-end=\"1897\" \/>\ud83d\udcc5 <strong data-start=\"1900\" data-end=\"1966\"><a href=\"https:\/\/transportsdossat.com\/?page_id=114\">R\u00e9servez d\u00e8s maintenant<\/a> et laissez-vous s\u00e9duire par la Soule !<\/strong> \ud83c\udf3f<\/p>\t\t\t\t\t\t\t\t<\/div>\n\t\t\t\t<\/div>\n\t\t\t\t\t<\/div>\n\t\t\t\t<\/div>\n\t\t<div class=\"elementor-element elementor-element-e7ca853 e-flex e-con-boxed e-con e-parent\" data-id=\"e7ca853\" data-element_type=\"container\" data-e-type=\"container\">\n\t\t\t\t\t<div class=\"e-con-inner\">\n\t\t\t\t<div class=\"elementor-element elementor-element-c343d99 elementor-align-center elementor-widget__width-initial elementor-widget elementor-widget-button\" data-id=\"c343d99\" data-element_type=\"widget\" data-e-type=\"widget\" data-widget_type=\"button.default\">\n\t\t\t\t<div class=\"elementor-widget-container\">\n\t\t\t\t\t\t\t\t\t<div class=\"elementor-button-wrapper\">\n\t\t\t\t\t<a class=\"elementor-button elementor-button-link elementor-size-sm\" href=\"https:\/\/transportsdossat.com\/?page_id=114\">\n\t\t\t\t\t\t<span class=\"elementor-button-content-wrapper\">\n\t\t\t\t\t\t\t\t\t<span class=\"elementor-button-text\">JE R\u00c9SERVE<\/span>\n\t\t\t\t\t<\/span>\n\t\t\t\t\t<\/a>\n\t\t\t\t<\/div>\n\t\t\t\t\t\t\t\t<\/div>\n\t\t\t\t<\/div>\n\t\t\t\t\t<\/div>\n\t\t\t\t<\/div>\n\t\t\t\t<\/div>\n\t\t","protected":false},"excerpt":{"rendered":"<p>\ud83c\udfde\ufe0f Journ\u00e9e \u00e0 Maul\u00e9on-Licharre \u2013 Immersion au c\u0153ur du Pays Basque souletin Partez pour une journ\u00e9e authentique \u00e0 la d\u00e9couverte [&hellip;]<\/p>\n","protected":false},"author":260684300,"featured_media":0,"parent":0,"menu_order":0,"comment_status":"closed","ping_status":"closed","template":"","meta":{"_crdt_document":"","site-sidebar-layout":"no-sidebar","site-content-layout":"","ast-site-content-layout":"full-width-container","site-content-style":"default","site-sidebar-style":"default","ast-global-header-display":"","ast-banner-title-visibility":"","ast-main-header-display":"","ast-hfb-above-header-display":"","ast-hfb-below-header-display":"","ast-hfb-mobile-header-display":"","site-post-title":"disabled","ast-breadcrumbs-content":"","ast-featured-img":"disabled","footer-sml-layout":"","ast-disable-related-posts":"","theme-transparent-header-meta":"","adv-header-id-meta":"","stick-header-meta":"","header-above-stick-meta":"","header-main-stick-meta":"","header-below-stick-meta":"","astra-migrate-meta-layouts":"default","ast-page-background-enabled":"default","ast-page-background-meta":{"desktop":{"background-color":"var(--ast-global-color-5)","background-image":"","background-repeat":"repeat","background-position":"center center","background-size":"auto","background-attachment":"scroll","background-type":"","background-media":"","overlay-type":"","overlay-color":"","overlay-opacity":"","overlay-gradient":""},"tablet":{"background-color":"","background-image":"","background-repeat":"repeat","background-position":"center center","background-size":"auto","background-attachment":"scroll","background-type":"","background-media":"","overlay-type":"","overlay-color":"","overlay-opacity":"","overlay-gradient":""},"mobile":{"background-color":"","background-image":"","background-repeat":"repeat","background-position":"center center","background-size":"auto","background-attachment":"scroll","background-type":"","background-media":"","overlay-type":"","overlay-color":"","overlay-opacity":"","overlay-gradient":""}},"ast-content-background-meta":{"desktop":{"background-color":"var(--ast-global-color-4)","background-image":"","background-repeat":"repeat","background-position":"center center","background-size":"auto","background-attachment":"scroll","background-type":"","background-media":"","overlay-type":"","overlay-color":"","overlay-opacity":"","overlay-gradient":""},"tablet":{"background-color":"var(--ast-global-color-4)","background-image":"","background-repeat":"repeat","background-position":"center center","background-size":"auto","background-attachment":"scroll","background-type":"","background-media":"","overlay-type":"","overlay-color":"","overlay-opacity":"","overlay-gradient":""},"mobile":{"background-color":"var(--ast-global-color-4)","background-image":"","background-repeat":"repeat","background-position":"center center","background-size":"auto","background-attachment":"scroll","background-type":"","background-media":"","overlay-type":"","overlay-color":"","overlay-opacity":"","overlay-gradient":""}},"advanced_seo_description":"","jetpack_seo_html_title":"","jetpack_seo_noindex":false,"footnotes":""},"class_list":["post-1948","page","type-page","status-publish","hentry"],"jetpack_sharing_enabled":true,"jetpack_likes_enabled":true,"jetpack_shortlink":"https:\/\/wp.me\/PghPof-vq","_links":{"self":[{"href":"https:\/\/transportsdossat.com\/index.php?rest_route=\/wp\/v2\/pages\/1948","targetHints":{"allow":["GET"]}}],"collection":[{"href":"https:\/\/transportsdossat.com\/index.php?rest_route=\/wp\/v2\/pages"}],"about":[{"href":"https:\/\/transportsdossat.com\/index.php?rest_route=\/wp\/v2\/types\/page"}],"author":[{"embeddable":true,"href":"https:\/\/transportsdossat.com\/index.php?rest_route=\/wp\/v2\/users\/260684300"}],"replies":[{"embeddable":true,"href":"https:\/\/transportsdossat.com\/index.php?rest_route=%2Fwp%2Fv2%2Fcomments&post=1948"}],"version-history":[{"count":5,"href":"https:\/\/transportsdossat.com\/index.php?rest_route=\/wp\/v2\/pages\/1948\/revisions"}],"predecessor-version":[{"id":1957,"href":"https:\/\/transportsdossat.com\/index.php?rest_route=\/wp\/v2\/pages\/1948\/revisions\/1957"}],"wp:attachment":[{"href":"https:\/\/transportsdossat.com\/index.php?rest_route=%2Fwp%2Fv2%2Fmedia&parent=1948"}],"curies":[{"name":"wp","href":"https:\/\/api.w.org\/{rel}","templated":true}]}}