{"id":1470,"date":"2025-07-08T10:16:47","date_gmt":"2025-07-08T08:16:47","guid":{"rendered":"https:\/\/transportsdossat.com\/?page_id=1470"},"modified":"2025-07-09T15:48:08","modified_gmt":"2025-07-09T13:48:08","slug":"sejour-a-rocamadour","status":"publish","type":"page","link":"https:\/\/transportsdossat.com\/?page_id=1470","title":{"rendered":"S\u00e9jour \u00e0 Rocamadour"},"content":{"rendered":"\t\t<div data-elementor-type=\"wp-page\" data-elementor-id=\"1470\" class=\"elementor elementor-1470\">\n\t\t\t\t<div class=\"elementor-element elementor-element-5215096 e-flex e-con-boxed e-con e-parent\" data-id=\"5215096\" data-element_type=\"container\" data-e-type=\"container\">\n\t\t\t\t\t<div class=\"e-con-inner\">\n\t\t\t\t<div class=\"elementor-element elementor-element-1652637 elementor-arrows-position-inside elementor-pagination-position-outside elementor-widget elementor-widget-image-carousel\" data-id=\"1652637\" data-element_type=\"widget\" data-e-type=\"widget\" data-settings=\"{&quot;navigation&quot;:&quot;both&quot;,&quot;autoplay&quot;:&quot;yes&quot;,&quot;pause_on_hover&quot;:&quot;yes&quot;,&quot;pause_on_interaction&quot;:&quot;yes&quot;,&quot;autoplay_speed&quot;:5000,&quot;infinite&quot;:&quot;yes&quot;,&quot;speed&quot;:500}\" data-widget_type=\"image-carousel.default\">\n\t\t\t\t<div class=\"elementor-widget-container\">\n\t\t\t\t\t\t\t<div class=\"elementor-image-carousel-wrapper swiper\" role=\"region\" aria-roledescription=\"carousel\" aria-label=\"Carrousel d\u2019images\" dir=\"ltr\">\n\t\t\t<div class=\"elementor-image-carousel swiper-wrapper\" aria-live=\"off\">\n\t\t\t\t\t\t\t\t<div class=\"swiper-slide\" role=\"group\" aria-roledescription=\"slide\" aria-label=\"1 sur 4\"><figure class=\"swiper-slide-inner\"><img decoding=\"async\" class=\"swiper-slide-image\" src=\"https:\/\/transportsdossat.com\/wp-content\/uploads\/2025\/07\/Sans-titre-1024-x-786-px-9-1.png\" alt=\"s\u00e9jour \u00e0 rocamadour\" \/><\/figure><\/div><div class=\"swiper-slide\" role=\"group\" aria-roledescription=\"slide\" aria-label=\"2 sur 4\"><figure class=\"swiper-slide-inner\"><img decoding=\"async\" class=\"swiper-slide-image\" src=\"https:\/\/transportsdossat.com\/wp-content\/uploads\/2025\/07\/Sans-titre-1024-x-786-px-10.png\" alt=\"s\u00e9jour \u00e0 rocamadour\" \/><\/figure><\/div><div class=\"swiper-slide\" role=\"group\" aria-roledescription=\"slide\" aria-label=\"3 sur 4\"><figure class=\"swiper-slide-inner\"><img decoding=\"async\" class=\"swiper-slide-image\" src=\"https:\/\/transportsdossat.com\/wp-content\/uploads\/2025\/07\/Sans-titre-1024-x-786-px-11.png\" alt=\"s\u00e9jour \u00e0 rocamadour\" \/><\/figure><\/div><div class=\"swiper-slide\" role=\"group\" aria-roledescription=\"slide\" aria-label=\"4 sur 4\"><figure class=\"swiper-slide-inner\"><img decoding=\"async\" class=\"swiper-slide-image\" src=\"https:\/\/transportsdossat.com\/wp-content\/uploads\/2025\/07\/Sans-titre-1024-x-786-px-12.png\" alt=\"s\u00e9jour \u00e0 rocamadour\" \/><\/figure><\/div>\t\t\t<\/div>\n\t\t\t\t\t\t\t\t\t\t\t\t<div class=\"elementor-swiper-button elementor-swiper-button-prev\" role=\"button\" tabindex=\"0\">\n\t\t\t\t\t\t<svg aria-hidden=\"true\" class=\"e-font-icon-svg e-eicon-chevron-left\" viewBox=\"0 0 1000 1000\" xmlns=\"http:\/\/www.w3.org\/2000\/svg\"><path d=\"M646 125C629 125 613 133 604 142L308 442C296 454 292 471 292 487 292 504 296 521 308 533L604 854C617 867 629 875 646 875 663 875 679 871 692 858 704 846 713 829 713 812 713 796 708 779 692 767L438 487 692 225C700 217 708 204 708 187 708 171 704 154 692 142 675 129 663 125 646 125Z\"><\/path><\/svg>\t\t\t\t\t<\/div>\n\t\t\t\t\t<div class=\"elementor-swiper-button elementor-swiper-button-next\" role=\"button\" tabindex=\"0\">\n\t\t\t\t\t\t<svg aria-hidden=\"true\" class=\"e-font-icon-svg e-eicon-chevron-right\" viewBox=\"0 0 1000 1000\" xmlns=\"http:\/\/www.w3.org\/2000\/svg\"><path d=\"M696 533C708 521 713 504 713 487 713 471 708 454 696 446L400 146C388 133 375 125 354 125 338 125 325 129 313 142 300 154 292 171 292 187 292 204 296 221 308 233L563 492 304 771C292 783 288 800 288 817 288 833 296 850 308 863 321 871 338 875 354 875 371 875 388 867 400 854L696 533Z\"><\/path><\/svg>\t\t\t\t\t<\/div>\n\t\t\t\t\n\t\t\t\t\t\t\t\t\t<div class=\"swiper-pagination\"><\/div>\n\t\t\t\t\t\t\t\t\t<\/div>\n\t\t\t\t\t\t<\/div>\n\t\t\t\t<\/div>\n\t\t\t\t\t<\/div>\n\t\t\t\t<\/div>\n\t\t<div class=\"elementor-element elementor-element-406d292 e-flex e-con-boxed e-con e-parent\" data-id=\"406d292\" data-element_type=\"container\" data-e-type=\"container\">\n\t\t\t\t\t<div class=\"e-con-inner\">\n\t\t\t\t<div class=\"elementor-element elementor-element-332b26b elementor-widget elementor-widget-text-editor\" data-id=\"332b26b\" data-element_type=\"widget\" data-e-type=\"widget\" data-widget_type=\"text-editor.default\">\n\t\t\t\t<div class=\"elementor-widget-container\">\n\t\t\t\t\t\t\t\t\t<h2>\u26ea <strong data-start=\"124\" data-end=\"188\">S\u00e9jour \u00e0 Rocamadour &amp; d\u00e9couvertes en Vall\u00e9e de la Dordogne !<\/strong><\/h2><p>\u2728 Partez pour une escapade de 3 jours au c\u0153ur du Lot, entre villages pittoresques, sites naturels et gourmandises du terroir !<br data-start=\"317\" data-end=\"320\" \/>Un voyage authentique pour prendre le temps de savourer chaque instant dans l\u2019un des plus beaux coins de France.<\/p><p data-start=\"434\" data-end=\"668\">\ud83d\ude8c <strong data-start=\"437\" data-end=\"494\">D\u00e9part en autocar de tourisme \u2013 Voyage tout confort !<\/strong><br data-start=\"494\" data-end=\"497\" \/>\ud83d\udccd D\u00e9part le mardi 14 octobre 2025 \u00e0 6h30 de Castelnau-Magnoac<br data-start=\"559\" data-end=\"562\" \/>\ud83e\udd50 <strong data-start=\"565\" data-end=\"609\">Petit-d\u00e9jeuner offert par la SARL DOSSAT<\/strong> sur l\u2019aire de Frontonnais pour bien commencer la journ\u00e9e !<\/p><h4>\ud83d\uddd3 <strong data-start=\"682\" data-end=\"716\">Jour 1 \u2013 Mardi 14 octobre 2025<\/strong><\/h4><p data-start=\"719\" data-end=\"950\">\ud83c\udf7d D\u00e9jeuner traditionnel \u00e0 Gramat : sp\u00e9cialit\u00e9s du terroir<br data-start=\"777\" data-end=\"780\" \/>\ud83c\udfde Visite guid\u00e9e de <strong data-start=\"800\" data-end=\"825\">Loubressac et Autoire<\/strong>, deux villages class\u00e9s parmi \u00ab Les Plus Beaux Villages de France \u00bb<br data-start=\"892\" data-end=\"895\" \/>\ud83c\udfe8 Installation \u00e0 l\u2019h\u00f4tel \u00e0 <strong data-start=\"923\" data-end=\"937\">Rocamadour<\/strong> pour 2 nuits<\/p><h4>\ud83d\uddd3 <strong data-start=\"964\" data-end=\"1001\">Jour 2 \u2013 Mercredi 15 octobre 2025<\/strong><\/h4><p data-start=\"1004\" data-end=\"1316\">\ud83d\udd73 <strong data-start=\"1007\" data-end=\"1039\">Visite du Gouffre de Padirac<\/strong> : embarquez pour une promenade magique en barque \u00e0 103 m\u00e8tres sous terre<br data-start=\"1112\" data-end=\"1115\" \/>\ud83c\udf7d D\u00e9jeuner gourmand \u00e0 Rocamadour<br data-start=\"1148\" data-end=\"1151\" \/>\u26ea Visite guid\u00e9e de la <strong data-start=\"1173\" data-end=\"1195\">Cit\u00e9 de Rocamadour<\/strong>, son sanctuaire et ses c\u00e9l\u00e8bres chapelles<br data-start=\"1237\" data-end=\"1240\" \/>\ud83d\udc10 D\u00e9couverte et d\u00e9gustation \u00e0 la <strong data-start=\"1274\" data-end=\"1316\">ch\u00e8vrerie fromagerie La Borie d\u2019Imbert<\/strong><\/p><h4>\ud83d\uddd3 <strong data-start=\"1330\" data-end=\"1364\">Jour 3 \u2013 Jeudi 16 octobre 2025<\/strong><\/h4><p data-start=\"1367\" data-end=\"1697\">\ud83c\udff0 Visite guid\u00e9e de <strong data-start=\"1387\" data-end=\"1397\">Martel<\/strong>, la ville aux sept tours<br data-start=\"1422\" data-end=\"1425\" \/>\ud83c\udf30 D\u00e9couverte du <strong data-start=\"1442\" data-end=\"1468\">Moulin \u00e0 huile de noix<\/strong> et d\u00e9jeuner dans ce cadre typique<br data-start=\"1502\" data-end=\"1505\" \/>\ud83d\udea3\u200d\u2640\ufe0f Balade en <strong data-start=\"1521\" data-end=\"1547\">gabare sur la Dordogne<\/strong> \u00e0 Beaulieu-sur-Dordogne<br data-start=\"1571\" data-end=\"1574\" \/>\ud83c\udfd8 Visite guid\u00e9e de <strong data-start=\"1594\" data-end=\"1619\">Beaulieu-sur-Dordogne<\/strong>, la \u00ab Riviera Limousine \u00bb<br data-start=\"1645\" data-end=\"1648\" \/>\ud83d\ude8d Retour \u00e0 Castelnau-Magnoac en fin d\u2019apr\u00e8s-midi<\/p><p data-start=\"1704\" data-end=\"1844\">\ud83d\udcb0 <strong data-start=\"1707\" data-end=\"1732\">Tarifs par personne :<\/strong><br data-start=\"1732\" data-end=\"1735\" \/>\ud83d\udc49 415\u20ac en chambre triple<br data-start=\"1760\" data-end=\"1763\" \/>\ud83d\udc49 425\u20ac en chambre couple<br data-start=\"1788\" data-end=\"1791\" \/>\ud83d\udc49 430\u20ac en chambre twin<br data-start=\"1814\" data-end=\"1817\" \/>\ud83d\udc49 485\u20ac en chambre single<\/p><p data-start=\"1846\" data-end=\"2066\">\u2705 <strong data-start=\"1848\" data-end=\"1870\">Le prix comprend :<\/strong><br data-start=\"1870\" data-end=\"1873\" \/>\u2714 Transport en autocar de tourisme<br data-start=\"1907\" data-end=\"1910\" \/>\u2714 2 nuits en h\u00f4tel \u00e0 Rocamadour<br data-start=\"1941\" data-end=\"1944\" \/>\u2714 Petit-d\u00e9jeuner offert \u00e0 l\u2019aller<br data-start=\"1977\" data-end=\"1980\" \/>\u2714 Visites guid\u00e9es et activit\u00e9s<br data-start=\"2010\" data-end=\"2013\" \/>\u2714 Tous les repas (d\u00e9jeuners avec vins &amp; caf\u00e9s inclus)<\/p><p data-start=\"1846\" data-end=\"2066\">Ce prix ne comprend pas l&rsquo;assurance annulation.\u00a0<\/p><p data-start=\"2068\" data-end=\"2170\">\u2757 <strong data-start=\"2070\" data-end=\"2083\">Important<\/strong> : Ce s\u00e9jour sera <strong data-start=\"2101\" data-end=\"2169\">annul\u00e9 si le nombre de participants est inf\u00e9rieur \u00e0 20 personnes<\/strong>.<\/p><p data-start=\"2172\" data-end=\"2312\">\ud83d\udcc5 <a href=\"https:\/\/transportsdossat.com\/?page_id=114\">R\u00e9servez vite votre place<\/a> pour un s\u00e9jour au coeur du Lot !<\/p>\t\t\t\t\t\t\t\t<\/div>\n\t\t\t\t<\/div>\n\t\t\t\t\t<\/div>\n\t\t\t\t<\/div>\n\t\t<div class=\"elementor-element elementor-element-9072eb3 e-flex e-con-boxed e-con e-parent\" data-id=\"9072eb3\" data-element_type=\"container\" data-e-type=\"container\">\n\t\t\t\t\t<div class=\"e-con-inner\">\n\t\t\t\t<div class=\"elementor-element elementor-element-bff96f6 elementor-align-center elementor-widget__width-initial elementor-widget elementor-widget-button\" data-id=\"bff96f6\" data-element_type=\"widget\" data-e-type=\"widget\" data-widget_type=\"button.default\">\n\t\t\t\t<div class=\"elementor-widget-container\">\n\t\t\t\t\t\t\t\t\t<div class=\"elementor-button-wrapper\">\n\t\t\t\t\t<a class=\"elementor-button elementor-button-link elementor-size-sm\" href=\"https:\/\/transportsdossat.com\/?page_id=114\">\n\t\t\t\t\t\t<span class=\"elementor-button-content-wrapper\">\n\t\t\t\t\t\t\t\t\t<span class=\"elementor-button-text\">JE R\u00c9SERVE<\/span>\n\t\t\t\t\t<\/span>\n\t\t\t\t\t<\/a>\n\t\t\t\t<\/div>\n\t\t\t\t\t\t\t\t<\/div>\n\t\t\t\t<\/div>\n\t\t\t\t\t<\/div>\n\t\t\t\t<\/div>\n\t\t\t\t<\/div>\n\t\t","protected":false},"excerpt":{"rendered":"<p>\u26ea S\u00e9jour \u00e0 Rocamadour &amp; d\u00e9couvertes en Vall\u00e9e de la Dordogne ! \u2728 Partez pour une escapade de 3 jours [&hellip;]<\/p>\n","protected":false},"author":260684300,"featured_media":0,"parent":0,"menu_order":0,"comment_status":"closed","ping_status":"closed","template":"","meta":{"_crdt_document":"","site-sidebar-layout":"no-sidebar","site-content-layout":"","ast-site-content-layout":"full-width-container","site-content-style":"default","site-sidebar-style":"default","ast-global-header-display":"","ast-banner-title-visibility":"","ast-main-header-display":"","ast-hfb-above-header-display":"","ast-hfb-below-header-display":"","ast-hfb-mobile-header-display":"","site-post-title":"disabled","ast-breadcrumbs-content":"","ast-featured-img":"disabled","footer-sml-layout":"","ast-disable-related-posts":"","theme-transparent-header-meta":"","adv-header-id-meta":"","stick-header-meta":"","header-above-stick-meta":"","header-main-stick-meta":"","header-below-stick-meta":"","astra-migrate-meta-layouts":"default","ast-page-background-enabled":"default","ast-page-background-meta":{"desktop":{"background-color":"var(--ast-global-color-5)","background-image":"","background-repeat":"repeat","background-position":"center center","background-size":"auto","background-attachment":"scroll","background-type":"","background-media":"","overlay-type":"","overlay-color":"","overlay-opacity":"","overlay-gradient":""},"tablet":{"background-color":"","background-image":"","background-repeat":"repeat","background-position":"center center","background-size":"auto","background-attachment":"scroll","background-type":"","background-media":"","overlay-type":"","overlay-color":"","overlay-opacity":"","overlay-gradient":""},"mobile":{"background-color":"","background-image":"","background-repeat":"repeat","background-position":"center center","background-size":"auto","background-attachment":"scroll","background-type":"","background-media":"","overlay-type":"","overlay-color":"","overlay-opacity":"","overlay-gradient":""}},"ast-content-background-meta":{"desktop":{"background-color":"var(--ast-global-color-4)","background-image":"","background-repeat":"repeat","background-position":"center center","background-size":"auto","background-attachment":"scroll","background-type":"","background-media":"","overlay-type":"","overlay-color":"","overlay-opacity":"","overlay-gradient":""},"tablet":{"background-color":"var(--ast-global-color-4)","background-image":"","background-repeat":"repeat","background-position":"center center","background-size":"auto","background-attachment":"scroll","background-type":"","background-media":"","overlay-type":"","overlay-color":"","overlay-opacity":"","overlay-gradient":""},"mobile":{"background-color":"var(--ast-global-color-4)","background-image":"","background-repeat":"repeat","background-position":"center center","background-size":"auto","background-attachment":"scroll","background-type":"","background-media":"","overlay-type":"","overlay-color":"","overlay-opacity":"","overlay-gradient":""}},"advanced_seo_description":"","jetpack_seo_html_title":"","jetpack_seo_noindex":false,"footnotes":""},"class_list":["post-1470","page","type-page","status-publish","hentry"],"jetpack_sharing_enabled":true,"jetpack_likes_enabled":true,"jetpack_shortlink":"https:\/\/wp.me\/PghPof-nI","_links":{"self":[{"href":"https:\/\/transportsdossat.com\/index.php?rest_route=\/wp\/v2\/pages\/1470","targetHints":{"allow":["GET"]}}],"collection":[{"href":"https:\/\/transportsdossat.com\/index.php?rest_route=\/wp\/v2\/pages"}],"about":[{"href":"https:\/\/transportsdossat.com\/index.php?rest_route=\/wp\/v2\/types\/page"}],"author":[{"embeddable":true,"href":"https:\/\/transportsdossat.com\/index.php?rest_route=\/wp\/v2\/users\/260684300"}],"replies":[{"embeddable":true,"href":"https:\/\/transportsdossat.com\/index.php?rest_route=%2Fwp%2Fv2%2Fcomments&post=1470"}],"version-history":[{"count":9,"href":"https:\/\/transportsdossat.com\/index.php?rest_route=\/wp\/v2\/pages\/1470\/revisions"}],"predecessor-version":[{"id":1505,"href":"https:\/\/transportsdossat.com\/index.php?rest_route=\/wp\/v2\/pages\/1470\/revisions\/1505"}],"wp:attachment":[{"href":"https:\/\/transportsdossat.com\/index.php?rest_route=%2Fwp%2Fv2%2Fmedia&parent=1470"}],"curies":[{"name":"wp","href":"https:\/\/api.w.org\/{rel}","templated":true}]}}